14.
2, 3, 11, 29, 101
What are the prime factors of 190217?
37, 53, 97
What are the prime factors of 36379?
7, 5197
List the prime factors of 1148317.
59, 19463
What are the prime factors of 2920835?
5, 584167
List the prime factors of 1336593.
3, 19, 131, 179
List the prime factors of 6261159.
3, 659, 3167
List the prime factors of 918994.
2, 163, 2819
What are the prime factors of 583048?
2, 31, 2351
List the prime factors of 270253.
131, 2063
List the prime factors of 619184.
2, 38699
List the prime factors of 263158.
2, 7, 18797
List the prime factors of 1702599.
3, 567533
What are the prime factors of 1897167?
3, 632389
List the prime factors of 14200766.
2, 7100383
What are the prime factors of 712786?
2, 593, 601
List the prime factors of 4571163.
3, 507907
What are the prime factors of 450143?
17, 26479
List the prime factors of 186642.
2, 3, 10369
What are the prime factors of 388875?
3, 5, 17, 61
What are the prime factors of 618907?
23, 71, 379
List the prime factors of 1827591.
3, 19, 32063
What are the prime factors of 18856?
2, 2357
List the prime factors of 259008.
2, 3, 19, 71
What are the prime factors of 14024110?
2, 5, 29, 37, 1307
What are the prime factors of 769027?
7, 61, 1801
List the prime factors of 14367.
3, 4789
What are the prime factors of 9034212?
2, 3, 11, 89, 769
What are the prime factors of 21066?
2, 3, 3511
List the prime factors of 11456197.
11456197
What are the prime factors of 3607923?
3, 11, 109331
List the prime factors of 201453.
3, 7, 53, 181
What are the prime factors of 23804164?
2, 317, 18773
What are the prime factors of 247259?
247259
List the prime factors of 955284.
2, 3, 11, 7237
List the prime factors of 14650418.
2, 7325209
What are the prime factors of 9195301?
271, 33931
List the prime factors of 15223232.
2, 31, 7673
What are the prime factors of 11011780?
2, 5, 13, 41, 1033
List the prime factors of 248793.
3, 127, 653
What are the prime factors of 11022571?
7, 1574653
List the prime factors of 1664620.
2, 5, 83231
What are the prime factors of 98661?
3, 32887
What are the prime factors of 2729811?
3, 7, 61, 2131
List the prime factors of 2547398.
2, 7, 181957
List the prime factors of 21906603.
3, 23, 105829
What are the prime factors of 109392?
2, 3, 43, 53
What are the prime factors of 2678396?
2, 7, 23, 4159
List the prime factors of 34482221.
23, 1499227
What are the prime factors of 2995772?
2, 13, 53, 1087
What are the prime factors of 95304?
2, 3, 11, 19
What are the prime factors of 5267274?
2, 3, 877879
What are the prime factors of 1433831?
7, 17, 12049
List the prime factors of 14498876.
2, 7, 517817
List the prime factors of 3014999.
13, 231923
What are the prime factors of 1140018?
2, 3, 11, 23, 751
What are the prime factors of 17547594?
2, 3, 73, 40063
What are the prime factors of 20485831?
157, 130483
List the prime factors of 498357.
3, 55373
List the prime factors of 566524.
2, 7, 20233
What are the prime factors of 618654?
2, 3, 23, 4483
List the prime factors of 38839.
38839
What are the prime factors of 15084838?
2, 47, 383, 419
What are the prime factors of 234536?
2, 19, 1543
What are the prime factors of 2773198?
2, 31, 44729
List the prime factors of 30358477.
30358477
List the prime factors of 8058177.
3, 298451
List the prime factors of 944217.
3, 11657
What are the prime factors of 14187?
3, 4729
List the prime factors of 435455.
5, 17, 47, 109
What are the prime factors of 3194285?
5, 638857
List the prime factors of 68981.
11, 6271
List the prime factors of 249328.
2, 15583
List the prime factors of 1295281.
13, 17, 5861
List the prime factors of 533463.
3, 7, 19, 191
What are the prime factors of 34332529?
7, 11, 445877
What are the prime factors of 1853442?
2, 3, 17, 673
List the prime factors of 4853583.
3, 7, 77041
List the prime factors of 3948010.
2, 5, 11, 19, 1889
What are the prime factors of 579573?
3, 71, 907
What are the prime factors of 10852010?
2, 5, 13, 83477
What are the prime factors of 2806327?
41, 68447
What are the prime factors of 264322?
2, 283, 467
What are the prime factors of 11072670?
2, 3, 5, 7, 52727
List the prime factors of 4521422.
2, 17, 71, 1873
List the prime factors of 692427.
3, 17, 13577
What are the prime factors of 19950750?
2, 3, 5, 8867
List the prime factors of 375380.
2, 5, 137
List the prime factors of 1116682.
2, 7, 31, 83
What are the prime factors of 417139?
139, 3001
List the prime factors of 89762.
2, 37, 1213
List the prime factors of 24715538.
2, 41, 301409
List the prime factors of 175725.
3, 5, 11, 71
List the prime factors of 155938.
2, 77969
List the prime factors of 882467.
457, 1931
What are the prime factors of 2222066?
2, 7, 11, 47, 307
What are the prime factors of 7906?
2, 59, 67
List the prime factors of 1986198.
2, 3, 109, 3037
What are the prime factors of 285702?
2, 3, 17, 2801
What are the prime factors of 9153507?
3, 11, 103, 2693
List the prime factors of 9571365.
3, 5, 23633
List the prime factors of 74761.
74761
What are the prime factors of 6550696?
2, 818837
List the prime factors of 99161.
17, 19, 307
List the prime factors of 3641678.
2, 73, 24943
What are the prime factors of 2863280?
2, 5, 7, 5113
List the prime factors of 398594.
2, 7, 71, 401
List the prime factors of 701177.
701177
What are the prime factors of 825161?
825161
List the prime factors of 463279.
47, 9857
What are the prime factors of 150560?
2, 5, 941
What are the prime factors of 3866347?
677, 5711
List the prime factors of 41017.
41017
List the prime factors of 909266.
2, 29, 61, 257
List the prime factors of 231055.
5, 11, 4201
List the prime factors of 857145.
3, 5, 57143
What are the prime factors of 139862?
2, 69931
List the prime factors of 712692.
2, 3, 6599
What are the prime factors of 499123?
23, 21701
List the prime factors of 742552.
2, 101, 919
List the prime factors of 174797.
7, 24971
List the prime factors of 1422767.
239, 5953
What are the prime factors of 775429?
107, 7247
What are the prime factors of 2129997?
3, 67, 10597
What are the prime factors of 8840175?
3, 5, 311, 379
List the prime factors of 343755.
3, 5, 7639
List the prime factors of 776381.
59, 13159
What are the prime factors of 2393924?
2, 13, 19, 2423
List the prime factors of 740434.
2, 370217
List the prime factors of 58014.
2, 3, 11, 293
List the prime factors of 7285.
5, 31, 47
What are the prime factors of 7111974?
2, 3, 1185329
List the prime factors of 867784.
2, 67, 1619
List the prime factors of 7051628.
2, 1762907
What are the prime factors of 74083?
23, 3221
What are the prime factors of 597983?
61, 9803
What are the prime factors of 853500?
2, 3, 5, 569
List the prime factors of 7535676.
2, 3, 627973
What are the prime factors of 696626?
2, 7, 17, 2927
What are the prime factors of 421581?
3, 140527
What are the prime factors of 648159?
3, 17, 71, 179
What are the prime factors of 15476?
2, 53, 73
List the prime factors of 161910.
2, 3, 5, 7, 257
What are the prime factors of 126998?
2, 63499
What are the prime factors of 405607?
405607
What are the prime factors of 7353427?
127, 57901
What are the prime factors of 27633?
3, 61, 151
What are the prime factors of 4348115?
5, 29, 157, 191
List the prime factors of 267867.
3, 3307
List the prime factors of 2676818.
2, 53, 25253
List the prime factors of 2407898.
2, 1203949
What are the prime factors of 9658368?
2, 3, 131
What are the prime factors of 154541?
29, 73
What are the prime factors of 181581?
3, 60527
List the prime factors of 9650.
2, 5, 193
List the prime factors of 481305.
3, 5, 11, 2917
List the prime factors of 83888.
2, 7, 107
List the prime factors of 23550661.
17, 1385333
What are the prime factors of 8659637?
7, 1237091
List the prime factors of 9460412.
2, 13, 181931
List the prime factors of 407629.
23, 37, 479
What are the prime factors of 305347?
7, 181, 241
What are the prime factors of 183584?
2, 5737
What are the prime factors of 4457764?
2, 29, 83, 463
What are the prime factors of 4536791?
7, 751, 863
List the prime factors of 414295.
5, 7, 19, 89
List the prime factors of 1714080.
2, 3, 5, 3571
What are the prime factors of 73685?
5, 14737
What are the prime factors of 262578?
2, 3, 107, 409
List the prime factors of 10447298.
2, 52236